-5*s, -s - 136 = -q*k. List the prime factors of k.
3, 5
Let s(d) = d**3 + 3*d**2 - 3*d + 11. Let k be s(-5). What are the prime factors of 3*1 - (2*k - 6)?
3, 19
Let b(l) = 39*l - 48. What are the prime factors of b(8)?
2, 3, 11
Suppose -n + h + 1494 = 0, n + 5*h - 4450 = -2*n. List the prime factors of n.
2, 5, 149
Let s(t) = -341*t**3 + 4*t**2 + 9*t + 9. What are the prime factors of s(-2)?
5, 547
Suppose -6*y - 148 + 46 = 0. Let v = y - -29. List the prime factors of v.
2, 3
Suppose 4*d + d = 0. Let h be (3 - (-49)/(-7)) + 59 + 1. Suppose -2*z = -3*r + h, d*z - 85 = -5*r + 5*z. List the prime factors of r.
2, 11
Let n(h) = 21*h**2 + 8*h + 6. Suppose g - 3 = -6. What are the prime factors of n(g)?
3, 19
Let r = -933 + 1320. List the prime factors of r.
3, 43
Let u = -108 - -113. List the prime factors of (2/(-6))/(1*u/(-855)).
3, 19
Suppose 48*n + 2112 = 50*n. List the prime factors of 5 - n/(-10) - (-2)/5.
3, 37
Let a be (-3)/(-2 + 15/12). List the prime factors of (-3 - -1)/(a/(-66)).
3, 11
Let d(b) = b**3 - 12*b**2 + 14*b - 6. Let v be d(10). Let s = -29 + -68. Let u = v - s. What are the prime factors of u?
31
Let m(h) be the first derivative of 17*h**4/2 - 1. Let a be (-5)/(10/(-6))*1/3. What are the prime factors of m(a)?
2, 17
Suppose 0 = b - 154 - 265. List the prime factors of b.
419
Let z(b) be the first derivative of -173*b**2/2 - b - 6. Let g be z(-1). What are the prime factors of (9/(-18))/((-2)/g)?
43
Let u = -389 - -991. Suppose 5*z - 358 = u. List the prime factors of z.
2, 3
Suppose 22632 = -18*g + 41*g. List the prime factors of g.
2, 3, 41
Let a(l) = -l**2 + 5*l. Let k(q) = q**2 + 6*q - 2. Let y be k(-7). Let p be a(y). Suppose p = 2*i + 1 - 81. List the prime factors of i.
2, 5
Suppose -2*i + 74 = -100. Suppose i = 5*r + 32. What are the prime factors of r?
11
Suppose -3*t + 4*v + 14 = -0*t, 10 = -5*v. Suppose 0 = -t*g + 6*g. List the prime factors of (g - (2 - 1))*-10.
2, 5
Suppose 0 = -0*w - 4*w + 16, -2*u = w - 690. Suppose 4*f = -5*y + u, 0*f + 5*y = -f + 67. What are the prime factors of f?
2, 23
Suppose 5*g + 5 = 5*p, -p - 11 = 3*g - g. Let d be (-4)/((-12)/p)*10. What are the prime factors of ((-12)/5)/(d/25)?
2, 3
Let g be (0 - 1)/((-356)/176 + 2). What are the prime factors of g - 2*3/(-6)?
3, 5
Let t be (-423)/(-4) + (-33)/44. Suppose -405 = -4*o - t. List the prime factors of o.
3, 5
Suppose -34 = -2*v - 3*h, h = -4*v + 32 + 46. What are the prime factors of v?
2, 5
Let b(h) = 6*h**3 - 4*h**2 + 5*h - 2. Let t = 29 + -23. Suppose -6 - 6 = -t*d. List the prime factors of b(d).
2, 5
Suppose 3*n = 5*r + 2 - 14, 4*n + 16 = -3*r. Suppose -158 = 2*z - r*z. Let t = z + 113. What are the prime factors of t?
2, 17
Let p = -1958 + 3972. List the prime factors of p.
2, 19, 53
Suppose -3*q + t + 2*t = -24, -q = 2*t + 4. Suppose 4*w = -q*f + 5*w + 586, -2*f + 3*w = -288. What are the prime factors of f?
3, 7
Suppose 3*y - 1851 = -5*v, -3*y - 1470 = -0*v - 4*v. List the prime factors of v.
3, 41
Let b = -185 + 265. Suppose -g = -5*g + b. List the prime factors of g/16*(-3 - -7).
5
Suppose -5*w = -3*w - 44. What are the prime factors of (-15)/((-1155)/14) - (-304)/w?
2, 7
Let c(h) = 115*h**2 - 6*h + 6. What are the prime factors of c(3)?
3, 11, 31
Let i = 327 - 234. What are the prime factors of i?
3, 31
Suppose -5*f - 4*v = 100, f = -f + 4*v - 68. Let o = f - -212. List the prime factors of o.
2, 47
Let c(u) = 4*u - 3. Let l be c(2). Suppose -7 - 17 = -3*f + 3*q, -4*f = 3*q - 4. Suppose -f*a + 98 = -h, 82 = 3*a - l*h - 0*h. What are the prime factors of a?
2, 3
What are the prime factors of 17/(-6) + 3 - (-1894)/12?
2, 79
List the prime factors of 18/(-15)*6915/(-9).
2, 461
Let r be 2/(-11) - 322/(-77). Suppose r*a - 5 = 11. List the prime factors of a.
2
Let n(a) = 714*a - 38. What are the prime factors of n(1)?
2, 13
Let f(p) be the third derivative of p**5/60 + 5*p**4/12 + 4*p**3/3 - 2*p**2. Let n be f(-14). Suppose n = 5*h - 41. List the prime factors of h.
3, 7
Let v(y) = y**2 - 13*y - 3. Let o = 23 + -44. Let w = -5 - o. List the prime factors of v(w).
3, 5
Suppose 0 = -0*m - m + 3*s + 160, -4*s + 181 = m. Suppose y - m = -2*r, -4*y + 5*r - r + 616 = 0. List the prime factors of y.
3, 53
Let f(i) = -9*i**3 + 2*i**2 - 2*i - 1. Let u = -43 + 41. List the prime factors of f(u).
83
Let j = 1675 + -1012. List the prime factors of j.
3, 13, 17
Suppose -12*y + 12 = -60. What are the prime factors of y?
2, 3
Let k = 142 - 241. Let q = k + 165. What are the prime factors of q?
2, 3, 11
Let w = 16 + -12. Suppose 14*r = 10*r + w. What are the prime factors of r*(4 - (1 - -1))?
2
Suppose 4*x = h + 1031, -3*h + 792 = 3*x - 0*x. Let t = 593 - x. Suppose 3*g = -5*w + 6*w - 58, 5*w - 4*g - t = 0. What are the prime factors of w?
2, 5, 7
List the prime factors of 2509 - (-14)/49*2*-7.
3, 5, 167
Suppose 4*a - 24 = a + 4*j, -2*a - j = -27. Suppose -a*g = -8*g - 256. List the prime factors of g.
2
Let q(f) = f**2 + 4*f - 37. Let x be q(-15). Suppose -x = -4*u - 3*z, -u - 58 = -3*u - 3*z. List the prime factors of u.
5, 7
Suppose 2*w - 10 = -2*o - 4, 3*o = 4*w + 30. Suppose -4*s + 102 = -4*y - 174, -o = 2*y. Let r = 113 - s. List the prime factors of r.
47
List the prime factors of (-85644)/(-26) + (3 + -2 - -1).
2, 103
Let m(f) = -f**3 + 8*f**2 + 36*f - 3. Suppose b - 2*b + 17 = 2*x, -5*x + 48 = 3*b. What are the prime factors of m(b)?
2, 3, 5
Suppose 0 = 8*i - 3*i + 10, 5*i = -4*y + 178. Let w = y + -84. Let a = w + 53. What are the prime factors of a?
2
Let a = 4254 + -2069. What are the prime factors of a?
5, 19, 23
Suppose -26*f + 47 = -31. Let m(s) = -9*s**2 + s - 4. Let u(t) = -8*t**2 - 4. Let n(o) = 2*m(o) - 3*u(o). List the prime factors of n(f).
2
Let g = 733 + 688. What are the prime factors of g?
7, 29
Let y = 10 + -14. List the prime factors of (-6)/y - (-436)/8.
2, 7
Let i = 37 + -29. Let r be 0 + (-2 + i - -4). Let x = 0 + r. What are the prime factors of x?
2, 5
Let u = 299 + -106. Let w = u + -133. List the prime factors of w.
2, 3, 5
List the prime factors of 4 + -23 + 11 + 2011.
2003
Let a = 5 - -1. Let g be (-794)/(-10) + a/10. Suppose s - 5*s + g = 0. List the prime factors of s.
2, 5
Let s(q) = q**3 + 7*q**2 + 3*q. Suppose -2*r + 4 = 0, -2*v + r = -r. Suppose 26 = -a + 5*t, -v*a - 5*t + 3 + 5 = 0. What are the prime factors of s(a)?
2, 3
Suppose 0 = 34*v - 14949 - 59579. List the prime factors of v.
2, 137
List the prime factors of 196/(-8)*156/(-91).
2, 3, 7
Suppose 0 = 2*u + 2*q, -7 = -u + 3*q + 13. Suppose -3*m - 9 = -0, 2*k + u*m - 137 = 0. What are the prime factors of k?
2, 19
Suppose -2*v = 2 - 0. What are the prime factors of 372/9 + v/6*2?
41
Suppose -153*c = -159*c + 1326. What are the prime factors of c?
13, 17
Let z = 9 - 9. Let m be -1 + 19 - (0 + z). Suppose -n + 4*o + m = 0, -4*n = -2*o + o - 42. List the prime factors of n.
2, 5
Let i(m) = 6*m**2 - 47*m + 4. Let b be i(6). Let c(o) = -o**2 + 4*o - 3. Let l be c(-4). Let d = l - b. List the prime factors of d.
3
Let l(g) = g**2 - 15*g + 9. Let x be (-7)/(70/(-12))*15. Let p be l(x). Let y = -16 + p. List the prime factors of y.
47
Let z be (-18)/12*84/2. Let q = z - -92. List the prime factors of q.
29
Suppose -3*c = b - 245, -4*b = -16*c + 11*c - 912. What are the prime factors of b?
233
Let m = 89 + -142. Let l = 58 + m. What are the prime factors of l?
5
Suppose 3*k - m = -3*m + 256, k - 3*m = 67. Let t = k - -48. List the prime factors of t.
2, 5, 13
Suppose -17*p + 16*p = -529. Let x = -361 + p. What are the prime factors of x?
2, 3, 7
Suppose -2*i + 0*i = -12. Let m be 22/14 + -1 + (-2810)/(-7). Suppose i*w + 0*w = m. What are the prime factors of w?
67
Let t(x) = 4*x**2 + 6*x + 13. Let w(j) = 8*j**2 + 11*j + 25. Let b(g) = -7*t(g) + 4*w(g). List the prime factors of b(-4).
5, 13
Let u = 440 + -313. Let b = 242 - u. List the prime factors of b.
5, 23
Suppose 9 = -2*p + 21. Suppose -p*w + 4*w = -74. What are the prime factors of w?
37
Suppose -w + 6 = -2*l, -4 = 2*l + 3*w - 6. Let t(u) be the second derivative of 7*u**4/12 + u**3/3 + 3*u**2/2 + 4*u. List the prime factors of t(l).
3
Let l = 15 - 0. Let u be 6/l - (-202)/(-5). What are the prime factors of (-42)/12*u/14?
2, 5
Let s(u) = u**2 + 7*u - 14. Let a be ((-35)/10)/7*-10. Suppose 3*x +